 is divided by 108.
92
Let u be (-42)/27 + 2 + (-4520)/(-36). Suppose -n + 57 = -2*d, 6*d - 9*d = 3*n - u. Calculate the remainder when n is divided by 4.
3
Let u(v) = -v**3 - 4*v**2 - 12. Let f be u(-6). Let i = 1 + -2. Calculate the remainder when 14 is divided by (i + 5)/(f/45).
2
Suppose -5*t + 57 = z, -z + 0*t + 2*t + 64 = 0. Let o = -44 + z. Let p = 221 + -156. Calculate the remainder when p is divided by o.
11
Suppose 10*y - 7*y + 292 = 766. Calculate the remainder when 2682 is divided by y.
154
Suppose 0 = -5*g - w + 2525, -2*g - 2*w + 997 = -13. What is the remainder when g is divided by 102?
97
Let u = 6277 - 6209. What is the remainder when 192 is divided by u?
56
Let x(v) = 35*v - 22. Let w be (3 + -13 + 2)*(-3)/12. What is the remainder when x(w) is divided by 25?
23
Let g = -7 + 71. Suppose 4*v + 2*x - 122 + 44 = 0, 5*v + x = 90. Calculate the remainder when g is divided by v.
13
Let y(k) = k**3 + 23*k**2 - 49*k + 147. What is the remainder when y(-25) is divided by 39?
5
Calculate the remainder when (-290)/(-3) + 4/(-6) is divided by ((-450)/250)/(48/(-75) - (-3)/5).
6
Let d(u) = 13*u**2 + 18*u - 1. Let g = -3 - 0. Let i = g + 18. What is the remainder when d(2) is divided by i?
12
Let s(n) = -25*n - 66. Let m be s(-5). Suppose -5*l + 287 = 4*x - 2*l, x = -5*l + m. What is the remainder when x is divided by 12?
2
Suppose 5*f + 4*n + 1 = 103, -2*f + 3*n + 27 = 0. Let d(s) = -4*s**3 + 3*s**2 + 3*s - 3. Calculate the remainder when d(-3) is divided by f.
15
Let z = 236 + -233. Calculate the remainder when 124 is divided by (z/5)/(3*6/540).
16
Suppose -1979051 - 826604 = -340*m - 848955. Calculate the remainder when m is divided by 160.
155
Suppose 12 = 3*u - 0*u. Suppose 69 + 631 = u*n. What is the remainder when n is divided by 45?
40
What is the remainder when -7 - 3 - (13 + -1731) is divided by 569?
1
Suppose 0 = -a - 5*m + 1880, 5*a + m - 9337 = -3*m. Suppose -2239 - a = -38*v. What is the remainder when v is divided by 41?
26
Let z = 8596 - 6701. Calculate the remainder when z is divided by 5.
0
Calculate the remainder when 1032 is divided by (5885/(-1605))/(1/(-6)*2).
9
Let u(t) = -12*t - 3. Let k be u(-1). Suppose 8*c + 4 = k*c. Suppose -3*v = v + 4*n - 28, 0 = c*v + 5*n - 31. Calculate the remainder when 17 is divided by v.
1
Let f(m) = -15*m - 95. Let j be f(-33). Suppose 37*t - j - 192 = 0. What is the remainder when 108 is divided by t?
12
Let l = -2698 + 2732. Calculate the remainder when 152 is divided by l.
16
Let a = -6665 - -6683. What is the remainder when 85 is divided by a?
13
Let x = -76 - -113. Let d = x - -24. Let o = 159 - d. What is the remainder when o is divided by 26?
20
What is the remainder when ((-39)/2)/(27/(-432)) is divided by 250?
62
Let l(q) = 6*q**2 - 4*q + 1. Let x(p) be the second derivative of -6*p**3 - 73*p**2 - p + 13. Calculate the remainder when l(-3) is divided by x(-5).
33
Let a(f) = -2*f - 15. Let z be a(-8). Suppose -z = 3*s + 5, -3*g + 4*s = 505. Let v = 273 + g. Calculate the remainder when v is divided by 21.
18
Let w(j) = -19*j**3 + 4*j + 14. Let v be w(-3). Suppose 26*d = 759 + v. What is the remainder when d is divided by 21?
7
Suppose -r + 119 = 3*b, -10 = -163*r + 161*r. What is the remainder when 718 is divided by b?
34
Let a be (3/2)/((-27)/(-1800)). Suppose 12 + a = 2*w. Let d(v) = -v**3 - v**2 - v + 29. Calculate the remainder when w is divided by d(0).
27
Suppose -81*n + 747604 = 83*n - 1164472. Calculate the remainder when n is divided by 10.
9
Let w be (6 + -6)/3 - 0. Suppose 3*a + 2*j - 28 = 60, 4*a - 2*j - 122 = w. Calculate the remainder when 58 is divided by a.
28
Let y be -22 - -21 - (-2 - 5). Calculate the remainder when (-12)/3 - (y - 1677/3) is divided by 46.
43
Let u = 8031 - 6610. Calculate the remainder when u is divided by 102.
95
Let w(p) = 7*p**2 + 33*p + 61. Let i be w(-2). Let n(l) = -2*l**2 + 49*l - 40. Calculate the remainder when 44 is divided by n(i).
15
Suppose 638 = r - s, 5*r + s + 3*s = 3226. Calculate the remainder when r is divided by 54.
48
Let l(q) = -2*q**3 + 5*q**2 - 4*q + 7. Let h be l(2). Suppose 0 = -h*o - 70 - 29. What is the remainder when 3*o/6*16/(-6) is divided by 24?
20
Let r(u) = 44*u - 37. Calculate the remainder when 1406 is divided by r(1).
6
Let h be (3 + (-14)/7)*4. Suppose h*j - 550 = 662. Calculate the remainder when j is divided by 34.
31
Let q = 11362 + -11273. What is the remainder when 1606 is divided by q?
4
Let w(x) = 22*x + 23. Let t(j) = -7*j**3 - 3*j**2 - 2*j + 1. Let v be t(-1). What is the remainder when w(v) is divided by 15?
12
What is the remainder when -30*16/48*(1 - 54) is divided by 257?
16
Calculate the remainder when ((-4)/(-10))/(318/477) - 2484/(-10) is divided by 16.
9
What is the remainder when (5/5)/((-9)/(-171)) is divided by 13?
6
Let v(k) = -k**2 - 3*k + 2. Let n be v(-4). Calculate the remainder when (172/258)/(2/(-9) - 192/(-837)) is divided by (47/2)/(n/(-4)).
46
Suppose 8*s - 62*s = -972. Calculate the remainder when (-20)/8*(-26)/(-3)*-3 is divided by s.
11
Suppose -2*i = -f + 5, -2*f - 6 = 2*i - 4*f. Let o be (5 + (-1 - -1))/(i/6). Let d(s) = -s**2 - 16*s - 9. What is the remainder when 14 is divided by d(o)?
2
Suppose 9*j + 123 - 42 = 0. Let b(o) = o + 17. Let y(g) = g**3 - 22*g**2 - 47*g - 10. What is the remainder when y(24) is divided by b(j)?
6
Suppose 5*x - 430 = -5*d + 4260, 4*x - 3773 = 3*d. What is the remainder when 952 is divided by x?
11
Let y = 30 + 1. Calculate the remainder when (-34 - -22)/((-18)/120) is divided by y.
18
Let n(g) = 3*g - 33. Let m(s) = s**2 + 16*s + 63. Let p be m(-12). Let d(i) = 61*i - 3. Calculate the remainder when d(2) is divided by n(p).
11
Let t = -471 - -546. Calculate the remainder when 197 is divided by t - 7*(0 - -1).
61
Let s be ((-15)/20)/(6/(-24)) - -22. Suppose -408 = n - s*n. Calculate the remainder when 82 is divided by n.
14
Suppose 2*b = 2*f + 48744, 121860 = 5*b + 7*f - 2*f. What is the remainder when b is divided by 15?
12
Suppose 17*t - 5 = 16*t. Suppose -7 = -u - 4. Suppose u*a - 17 = 22. Calculate the remainder when a is divided by t.
3
Let x(o) be the first derivative of -14 - 1/4*o**4 + 2*o**3 - 6*o + 7/2*o**2. Calculate the remainder when x(5) is divided by 19.
16
Let g = -1074 + 1113. What is the remainder when 386 is divided by g?
35
Let t = 44429 - 44389. Suppose 4*z - 236 = -3*h, -5 - 3 = -4*z. What is the remainder when h is divided by t?
36
What is the remainder when (4/2)/(180/52830) is divided by 17?
9
Let a(o) = 435*o**2 - o**3 - 3*o**3 + 32 + 5*o**3 - 56*o - 411*o**2. Calculate the remainder when a(-26) is divided by 23.
21
Let j(v) = v**3 - 16*v**2 + 16*v - 8. Let q be j(15). Suppose 0 = -2*g - 5 + q. Calculate the remainder when 23 is divided by (g - (-5)/2)*(-168)/(-98).
5
Suppose 0 = 8*n - 5*n + 2*j - 983, 3*n = 3*j + 993. What is the remainder when n is divided by 5?
4
Let f be 54/(5 + 3 + 342/(-43)). Suppose -4*q - f = -13*q. What is the remainder when q is divided by 10?
9
What is the remainder when 1 + (1989/(-3))/(-3) is divided by (-1 + -1)*6*1036/(-222)?
54
Let s = 228 - 88. Let q = -112 + s. Let p = -10 - -25. Calculate the remainder when q is divided by p.
13
Let s = -469 + 1011. Let q = 565 - s. Let v(f) = 3*f**2 + 4. What is the remainder when v(-6) is divided by q?
20
Suppose -106*z + 23*z = -2348 + 356. Suppose o - 12 = -2*o. Suppose -3*x - 1 = -o*c - 32, -3*c - 46 = -4*x. Calculate the remainder when z is divided by x.
11
Let n = -217 - -86. Let z = 178 + n. Calculate the remainder when z is divided by 10.
7
Suppose 5*n = -0*u - 5*u - 20, 3*n - 8 = 2*u. Let g be 27/36 + 1983/12. Suppose 3*z + 6 = n, 3*r - 5*z = -r + g. What is the remainder when r is divided by 14?
11
Let q = -137 - -139. Suppose q*r - r = -5*f + 88, -4*f = -r - 74. Calculate the remainder when 161 is divided by f.
17
Suppose -3*j - 136 = -4*s, -108 = 29*s - 33*s - 4*j. What is the remainder when 782 is divided by s?
7
Suppose -666 = -4*y - 10*r, -4*y - 4*r + 489 = -y. What is the remainder when 214 is divided by y?
55
Let v = 92 + -22. Let t be (1102/(-95))/(0 + 4/(-10)). Suppose 2*p - t = -4*k + 21, -3*p - 5*k + v = 0. What is the remainder when 41 is divided by p?
11
Suppose -101*k = -78*k - 43217. Let w = k - 1863. Calculate the r